 13146980?
True
Is 1300740 a multiple of 60?
True
Is 19 a factor of 8518023?
True
Is 88 a factor of 4555464232?
True
Is 9091276 a multiple of 6?
False
Is 179 a factor of 10008758?
False
Is 329 a factor of 992870528?
False
Is 34753100 a multiple of 85?
True
Does 683 divide 40885746?
True
Does 17 divide 101252?
True
Is 343 a factor of 1384010831?
True
Does 260 divide 81681340?
True
Is 790609144 a multiple of 26?
True
Is 378 a factor of 425456388?
True
Does 1517 divide 1020642451?
False
Is 159 a factor of 3574997658?
True
Is 7 a factor of 11577711?
False
Does 140 divide 81770640?
True
Does 22 divide 136960899?
False
Is 1051592147 a multiple of 5609?
True
Is 72868832 a multiple of 86?
True
Is 28172776 a multiple of 4?
True
Does 886 divide 1314046?
False
Is 24 a factor of 34952832?
True
Does 21 divide 133895433?
True
Does 42 divide 586822813?
False
Is 3354714 a multiple of 125?
False
Does 109 divide 1029995005?
False
Does 22 divide 34545324?
True
Does 3466 divide 154144966?
False
Is 47 a factor of 1787504?
True
Does 274 divide 8639494?
True
Is 3995 a factor of 105074914?
False
Is 10 a factor of 33378491?
False
Does 294 divide 74865648?
False
Does 290 divide 1179597040?
True
Does 343 divide 52640210?
True
Is 6 a factor of 166341028?
False
Does 29 divide 882134362?
False
Does 6081 divide 3079707119?
False
Is 65 a factor of 461675110?
True
Does 1281 divide 267924993?
True
Is 6 a factor of 206770493?
False
Does 2 divide 44224270?
True
Is 36 a factor of 469436506?
False
Is 526579190 a multiple of 12?
False
Is 18 a factor of 2158357405?
False
Does 21 divide 365680434?
True
Does 5909 divide 1396164230?
False
Does 21 divide 50495130?
True
Does 242 divide 72944025?
False
Is 99654923 a multiple of 174?
False
Is 112340737 a multiple of 12?
False
Is 108746610 a multiple of 210?
True
Does 105 divide 42032401?
False
Does 43 divide 2637673906?
False
Is 3284 a factor of 298172075?
False
Is 1711220427 a multiple of 283?
False
Is 9 a factor of 72270579?
False
Is 15 a factor of 5230964520?
True
Does 307 divide 658495045?
True
Is 272518112 a multiple of 1683?
False
Is 15071054 a multiple of 46?
False
Is 1696 a multiple of 18?
False
Is 39387915 a multiple of 2205?
True
Is 227011913 a multiple of 1039?
False
Is 32177530 a multiple of 847?
True
Is 133934402 a multiple of 206?
True
Is 226 a factor of 456192300?
True
Is 8315 a factor of 1446427510?
True
Does 604 divide 39892680?
False
Is 1460 a factor of 1278850658?
False
Does 4 divide 303386308?
True
Is 396 a factor of 85108320?
True
Is 351389520 a multiple of 60?
True
Is 6 a factor of 47552958?
True
Does 74 divide 121901832?
False
Is 81496285 a multiple of 923?
True
Is 2958 a factor of 85154904?
True
Does 3896 divide 597572376?
True
Is 5 a factor of 2389650?
True
Is 67 a factor of 1834796?
False
Does 9 divide 65054347?
False
Does 201 divide 170327601?
True
Is 213 a factor of 2064975573?
True
Is 211838912 a multiple of 592?
True
Is 534 a factor of 28937460?
True
Is 318 a factor of 45644448?
True
Is 226 a factor of 25175722?
True
Is 71 a factor of 103194524?
True
Is 74 a factor of 45153696?
False
Is 5693982 a multiple of 3?
True
Is 125760600 a multiple of 36?
True
Is 465 a factor of 19917345?
True
Does 125 divide 5989700?
False
Is 63357532 a multiple of 28?
True
Is 40 a factor of 648261480?
True
Is 10 a factor of 156880010?
True
Is 13354245 a multiple of 67?
False
Is 217 a factor of 211901867?
False
Is 23 a factor of 80037769?
True
Does 48 divide 103645056?
True
Does 123 divide 841334022?
True
Is 14 a factor of 22013517?
False
Is 68248680 a multiple of 120?
True
Is 6893092 a multiple of 313?
False
Is 3261249544 a multiple of 3602?
False
Does 18 divide 1639711674?
True
Does 263 divide 233544113?
False
Is 91 a factor of 6780892?
False
Is 651 a factor of 624477609?
True
Is 36 a factor of 1109300940?
True
Does 2289 divide 272468659?
False
Is 16 a factor of 16146288?
True
Is 5822955 a multiple of 6?
False
Is 426 a factor of 21434315?
False
Does 1229 divide 31762125?
False
Does 289 divide 964228825?
False
Is 1220872436 a multiple of 133?
True
Does 2716 divide 4721076928?
False
Does 334 divide 85955036?
False
Does 4 divide 564104119?
False
Is 64999068 a multiple of 12?
True
Does 1159 divide 452010?
True
Is 29651048 a multiple of 644?
True
Is 6221 a factor of 357757268?
True
Is 450512888 a multiple of 321?
False
Is 7560652 a multiple of 482?
True
Is 53793826 a multiple of 2018?
True
Is 86239024 a multiple of 651?
False
Does 4 divide 1665382?
False
Is 184 a factor of 300218080?
True
Is 28 a factor of 17514000?
True
Is 413504825 a multiple of 45?
False
Is 48 a factor of 127073424?
True
Is 71 a factor of 501759627?
True
Is 447239165 a multiple of 185?
True
Is 30 a factor of 52441710?
True
Is 1519 a factor of 28839287?
False
Does 2597 divide 791381213?
True
Does 682 divide 18086191?
False
Is 249 a factor of 1760053134?
False
Is 2575761375 a multiple of 575?
True
Is 380409748 a multiple of 68?
True
Does 14 divide 79302711?
False
Does 149 divide 110412917?
False
Does 5 divide 157687770?
True
Is 110 a factor of 2135011415?
False
Does 89 divide 1005942?
False
Is 192 a factor of 701872896?
True
Is 6475443 a multiple of 299?
True
Is 142823208 a multiple of 4?
True
Does 735 divide 9701778?
False
Does 216 divide 101605752?
True
Does 506 divide 8458288?
False
Does 39 divide 2089964955?
True
Does 29 divide 4894011?
True
Is 217 a factor of 1022181755?
True
Is 143 a factor of 71768937?
False
Is 151002830 a multiple of 1298?
True
Does 2426 divide 229836814?
True
Does 9 divide 276907716?
True
Is 145 a factor of 64171835?
False
Does 264 divide 246725688?
True
Is 2710363992 a multiple of 21?
True
Is 11064915 a multiple of 15?
True
Is 893 a factor of 412897303?
True
Does 127 divide 4222540831?
True
Is 1613 a factor of 41526367?
False
Is 76471344 a multiple of 1079?
False
Is 664 a factor of 52138303?
False
Is 62 a factor of 12957752?
True
Is 26 a factor of 124207486?
True
Does 547 divide 48447477?
False
Does 223 divide 428450678?
False
Is 640 a factor of 1351735040?
True
Is 359245718 a multiple of 3861?
False
Is 32 a factor of 42780672?
True
Is 3287 a factor of 587672869?
True
Is 153 a factor of 16078005?
True
Does 6 divide 103702519?
False
Is 671819050 a multiple of 6029?
False
Does 282 divide 1127443050?
True
Is 1091 a factor of 140654993?
True
Is 80 a factor of 293204469?
False
Is 48393592 a multiple of 193?
True
Is 5350401 a multiple of 6?
False
Does 12 divide 2547665772?
True
Is 7 a factor of 24909745?
True
Is 1361437670 a multiple of 165?
False
Is 20 a factor of 29129900?
True
Is 32948136 a multiple of 13?
True
Is 149 a factor of 338979321?
True
Is 258 a factor of 367645356?
True
Does 841 divide 26051481?
False
Does 462 divide 252454172?
False
Does 2947 divide 144639601?
False
Is 43426930 a multiple of 560?
False
Is 4603 a factor of 32916053?
True
Is 44399472 a multiple of 39?
True
Is 45947898 a multiple of 691?
False
Is 15 a factor of 508273935?
True
Is 185646341 a multiple of 1342?
False
Is 52640154 a multiple of 438?
True
Is 86401585 a multiple of 145?
True
Is 130 a factor of 3989658822?
False
Is 55 a factor of 29989685?
True
Is 4943958 a multiple of 145?
False
Is 953 a factor of 101971000?
True
Is 14 a factor of 1398614?
True
Is 5 a factor of 586825?
True
Does 2009 divide 447812127?
True
Is 9754140 a multiple of 12?
True
Is 5158159 even?
False
Is 17089920 a multiple of 345?
True
Is 25 a factor of 959381175?
True
Is 1192923633 a multiple of 11?
True
Is 472977305 a multiple of 25?
False
Is 66158650 a multiple of 10?
True
Does 52 divide 554944?
True
Is 153290304 a multiple of 421?
False
Does 334 divide 33793183?
False
Does 429 divide 495924858?
True
Is 22 a factor of 543322076?
True
Is 3269 a factor of 67854633?
True
Is 29 a factor of 13255683?
False
Is 2819883500 a multiple of 11620?
True
Is 17 a factor of 32773722?
True
Does 525 divide 29657775?
True
Does 4 divide 2542028?
True
Is 11759058 a multiple of 3?
True
Does 21 divide 4539672668?
False
Is 63880133 a multiple of 1423?
False
Is 349 a factor of 29478634?
True
Is 9 a factor of 28435545?
True
Is 1355 a factor of 60502105?
True
Is 323319192 a multiple of 51?
True
Does 6506 divide 2105066389?
False
Is 671 a factor of 199258818?
True
Is 708 a factor of 93470160?
True
Is 6766543 a multiple